(v) = -v**3 - 11*v**2 - v. Calculate the remainder when r is divided by h(-11).
8
Suppose 35*d - 729 = 1546. Calculate the remainder when 165 is divided by d.
35
Let c(w) = 10*w - 2. Let a be c(-5). Let p = a + 74. Let i(x) = -8*x**3 + 37*x**2 + 16*x + 7. What is the remainder when p is divided by i(5)?
10
Suppose 5*u - 270 = 5*p, -4*u - 5*p - 65 + 317 = 0. Suppose -u = 17*h - 330. Calculate the remainder when 93 is divided by h.
13
Suppose 2*z + 14 = 2*l, -z + 1 = l + 2. Suppose -9 = -l*s + 129. What is the remainder when 183 is divided by s?
45
Let y(u) = u**3 + 20*u**2 - u - 4. Let m be y(-20). Calculate the remainder when 153 is divided by m + (-5 - (2 - 4) - 1).
9
Let x = -201 + 205. Suppose -699 = -3*j - 3*u, x*j - 384 - 532 = 4*u. What is the remainder when j is divided by 79?
73
Calculate the remainder when 85/(-2)*3/(-15)*(69 + -13) is divided by 112.
28
Let t be (-110)/(-22) + 2/1 + 20. Let p(x) = x**2 - 19*x - 99. What is the remainder when p(t) is divided by 41?
35
Let x = -31560 + 31693. Calculate the remainder when x is divided by 17.
14
Suppose 2*r - 74 = 2*h, 4*h = -4*r + 4 + 128. Suppose -4017 - 3551 = -x. Calculate the remainder when 1/(-7) - x/(-56) is divided by r.
30
Suppose 72*w = 12*w + 5940. What is the remainder when 316 is divided by w?
19
Suppose 14*i - 2558 = 96 + 2036. Calculate the remainder when i is divided by 168.
167
Suppose -t + 16 = 5*x + t, 3*t = -2*x + 13. Suppose -x*w = 8, -10*b - 4*w = -8*b - 402. Calculate the remainder when b is divided by 21.
20
Calculate the remainder when (-681)/(-7) - (-34)/(-119) is divided by 24.
1
Let h = -4361 - -4404. Calculate the remainder when 118 is divided by h.
32
Calculate the remainder when 2719 is divided by (-45)/(-27)*(0/2 - -3).
4
Let p be (-21)/15 + 38939/(-115). Let f = -318 - p. Calculate the remainder when 36 is divided by f.
14
Suppose 3*p - 4*w + 3*w - 112 = 0, -3*p + 4*w = -97. Let k = -26 + 173. Calculate the remainder when k is divided by p.
30
Let q = -789 - -535. Let d = -160 - q. What is the remainder when d is divided by 92?
2
Let x be -60*((-64)/(-20) - 4). Suppose -x = 11*h - 14*h. Suppose -4*q + 0*q = -h. Calculate the remainder when 11 is divided by q.
3
Let j = -6762 + 6770. Calculate the remainder when 2251 is divided by j.
3
Suppose c + 10 = -5*k + 3*k, -5*c + 3*k = -15. Suppose c = 30*x - 33*x + 51. What is the remainder when 21 is divided by x?
4
Suppose 27162 = -110*v + 119*v. Suppose 0 = -2*q - 5*o + v - 420, -5*q = -4*o - 6429. Calculate the remainder when q is divided by 17.
14
Suppose 5*u - z + 0*z = 2*z, -4*z = 0. Suppose -11*d + 63 - 8 = u. Let v(y) = y**2 + 3*y + 2. What is the remainder when d is divided by v(-3)?
1
Let p(k) = -219*k + 430*k - 220*k + 92. What is the remainder when p(9) is divided by 4?
3
Calculate the remainder when (60/(-9))/(-1) + -5 - 33597/(-27) is divided by 309.
10
Calculate the remainder when (-5*1)/(421/(-3368)) is divided by 0 + -3 + 4 + 6.
5
Let t be 42/8 - ((-6)/(-24) - 0). Suppose 2*q + t*n = -q + 11, 5*n = -2*q + 9. Let k(g) = 8*g**2 - 5*g + 9. What is the remainder when k(q) is divided by 11?
9
Suppose w - 20 = -1. Suppose -59*k = -69*k + 50. Suppose -2*s + 4*s - 29 = -k*q, s + 3 = q. What is the remainder when w is divided by q?
4
Let f be -4 + 430 + (-5)/1. Suppose 0 = -15*o - f + 2941. What is the remainder when o is divided by 13?
12
Let v(i) be the first derivative of i**4/4 + 10*i**3/3 + 11*i**2 - i + 2. Calculate the remainder when 93 is divided by v(-6).
5
Let h(z) = -2*z**3 + 155*z**2 + 87*z + 497. What is the remainder when h(78) is divided by 9?
2
Suppose -36*n + 834 = -750. What is the remainder when 212 is divided by n?
36
Let h = -4703 + 4785. Calculate the remainder when 266 is divided by h.
20
Let p = 96077 + -96068. Let v(f) = 116*f**2. What is the remainder when v(1) is divided by p?
8
Let v = -3780 - -6702. What is the remainder when v is divided by 68?
66
Suppose k - 3*l = 4*k + 15, 5 = 4*k - l. Suppose 8*q - 69 - 315 = k. What is the remainder when 236 is divided by q?
44
Let i(b) = -734*b + 6740. Calculate the remainder when 3479 is divided by i(9).
129
Suppose -g + 2*g = 4. What is the remainder when (45 - (-1209)/(-26)) + (-360)/(-16) is divided by g?
1
Let q(v) = v**2 + 60*v - 1080. Calculate the remainder when 57 is divided by q(15).
12
Let r(u) = 71*u - 293. Calculate the remainder when r(14) is divided by 44.
41
Let t = -628 - -798. Calculate the remainder when t is divided by 23.
9
Let m = 61886 - 61876. Suppose 29 = j - 24. What is the remainder when j is divided by m?
3
Suppose 10*v + 80 = 8*v. Let c be ((-25)/(-2))/(-5)*64/v. Suppose -40 = -3*k + z, c*k = z - 16 + 68. Calculate the remainder when 55 is divided by k.
7
Let n = -2795 + 3230. What is the remainder when 449 is divided by n?
14
Let p(u) = 5*u**3 + 194*u**2 + 141*u - 68. What is the remainder when p(-38) is divided by 45?
35
Suppose 5*h = -5*s + 405, -5*h = -s - 0*s - 387. Calculate the remainder when 346 is divided by -2*(910/h)/(4/(-6)).
31
Let l(w) = -83*w + 2185. What is the remainder when 1395 is divided by l(26)?
18
Let d = -9 + 25. Let j = 47478 + -47416. What is the remainder when j is divided by d?
14
Let a = 15808 + -15692. What is the remainder when 334 is divided by a?
102
Calculate the remainder when 238 is divided by (-41)/(80/10 - 9).
33
Let s(r) = 10*r**2 + 10*r - 23. Let q be (-1 - (0 + 5))*(-6)/12. Calculate the remainder when s(q) is divided by 34.
29
Suppose 3*h - 2*q - 122 = 0, 4*h + 2*q - 127 = 45. Calculate the remainder when 289 is divided by h.
37
Suppose 3*o + 0*o = 39. Suppose -266*l - 286*l = -46610 - 1966. What is the remainder when l is divided by o?
10
Let r be (-9)/(-2)*(-638)/(-33). Suppose 3*l = 2*l - 4*v + 19, 4*l + 5*v - r = 0. What is the remainder when 181 is divided by l?
20
Let t be 4/(-18) - 51506/126. Let o = t + 760. Calculate the remainder when o is divided by 32.
31
Suppose -166*s - 16 = -168*s. Suppose 2*l + 0*l - s = 0, 18 = 2*h - 2*l. Calculate the remainder when 74 is divided by h.
9
Let q = 566 + -562. Suppose 6*n = y + 8*n - 27, 0 = -q*n + 20. Calculate the remainder when 100 is divided by y.
15
Suppose 0 = -4*p - 5*q + 22, 3*p = -0*q - q + 11. Suppose -3*y + 7*y + 3*x = 91, x = -5*y + 100. Let i = y - 3. Calculate the remainder when i is divided by p.
1
Suppose -5*m + 4*v - 25 = -58, 5*m = 5*v + 30. What is the remainder when (11 + 1)/(-3) + 39 is divided by m?
8
Let l(p) be the second derivative of -p**4/12 - 7*p**3/2 - 14*p**2 - 9*p. Let w be l(-19). Let d = 11 - w. Calculate the remainder when 1 is divided by d.
0
Let t(j) = -j**3 - 7*j**2 + 13*j - 16. Let u be t(-8). Calculate the remainder when u/(-2) + -8 + 6 is divided by 1*(2 - -7) + -4.
1
Let g = 29372 - 29345. What is the remainder when 4397 is divided by g?
23
Let o = -4 + 11. Let c(x) = x**2 - 19*x + 38. Let l be c(15). Let y = l + 25. Calculate the remainder when o is divided by y.
1
Let w = -12718 + 12889. Calculate the remainder when w is divided by 41.
7
Let p = 849 - 749. Suppose l = g - l - 29, 2*g - l = 52. Let q = g - -9. Calculate the remainder when p is divided by q.
32
Let v = 28 + -15. Suppose v*y = 9*y + 336. Suppose 0 - y = -3*f. Calculate the remainder when f is divided by 8.
4
Suppose -7951 = -80*r - 7231. Calculate the remainder when 520 is divided by r.
7
Let n be 24*1*(4 + (-8)/8). Let u = n - 58. Calculate the remainder when 65 is divided by u.
9
Suppose -2*f - m + 69 = 2*m, -3 = m. Suppose -3*r - r - 2*j = 472, 4*r = 2*j - 464. Let y = r - -271. Calculate the remainder when y is divided by f.
37
Let g(z) = 95*z + 5877. What is the remainder when 432 is divided by g(-61)?
22
Let a(i) = i**3 + 6*i**2 - 16*i - 3. Let x(k) = 2*k**3 - 2*k**2 - 8*k + 7. Calculate the remainder when a(-6) is divided by x(3).
17
Suppose 44900 = 157*i - 16644. What is the remainder when i is divided by 22?
18
Suppose 0 = 7*f - 10*f + 21. Let s(y) = 4*y - 6. Suppose -68 = -25*m + 8*m. Calculate the remainder when s(f) is divided by m.
2
What is the remainder when 8035 is divided by (-2 - 4/(-3))/(15096/1008 - 15)?
27
Let f = 41 + 188. Let d = f - 168. Calculate the remainder when d is divided by 31.
30
What is the remainder when 408 is divided by (-210)/60*(-16 + -1 + 3) - -4?
37
Let r(t) = -t**3 + 